{"id":1755,"date":"2017-03-15T12:09:11","date_gmt":"2017-03-15T11:09:11","guid":{"rendered":"http:\/\/www.njoy-referenzen.de\/w-kreuder\/?page_id=1755"},"modified":"2023-10-31T13:24:06","modified_gmt":"2023-10-31T12:24:06","slug":"polster-nach-mass","status":"publish","type":"page","link":"https:\/\/www.njoy-referenzen.de\/w-kreuder\/polster-nach-mass\/","title":{"rendered":"Polster nach Ma\u00df"},"content":{"rendered":"<p><div class=\"fusion-fullwidth fullwidth-box fusion-builder-row-1 fusion-parallax-none nonhundred-percent-fullwidth non-hundred-percent-height-scrolling\" style=\"--awb-background-position:left bottom;--awb-border-sizes-top:0px;--awb-border-sizes-bottom:0px;--awb-border-sizes-left:0px;--awb-border-sizes-right:0px;--awb-border-radius-top-left:0px;--awb-border-radius-top-right:0px;--awb-border-radius-bottom-right:0px;--awb-border-radius-bottom-left:0px;--awb-padding-top:50px;--awb-padding-bottom:50px;--awb-background-image:url(&quot;http:\/\/www.njoy-referenzen.de\/w-kreuder\/wp-content\/uploads\/hintergrund_polstermoebel_nachMa\u00df.jpg&quot;);--awb-background-size:cover;--awb-flex-wrap:wrap;\" ><div class=\"fusion-builder-row fusion-row\"><div class=\"fusion-layout-column fusion_builder_column fusion-builder-column-0 fusion_builder_column_1_1 1_1 fusion-one-full fusion-column-first fusion-column-last\" style=\"--awb-bg-size:cover;\"><div class=\"fusion-column-wrapper fusion-flex-column-wrapper-legacy\"><div class=\"fusion-text fusion-text-1\"><h1 style=\"text-align: center; color: #af1917; line-height: 1.2;\">Polsterm\u00f6bel nach Ma\u00df<\/h1>\n<h2 style=\"text-align: center;\"><span style=\"font-family: Open Sans; font-size: 24px; font-weight: 300;\">Handgefertigte Polstergarnituren<\/span><\/h2>\n<\/div><div class=\"fusion-sep-clear\"><\/div><div class=\"fusion-separator\" style=\"margin-left: auto;margin-right: auto;margin-top:-10px;margin-bottom:25px;width:100%;max-width:50%;\"><div class=\"fusion-separator-border sep-single sep-solid\" style=\"--awb-height:20px;--awb-amount:20px;border-color:#e0dede;border-top-width:1px;\"><\/div><\/div><div class=\"fusion-sep-clear\"><\/div><div class=\"fusion-clearfix\"><\/div><\/div><\/div><div class=\"fusion-layout-column fusion_builder_column fusion-builder-column-1 fusion_builder_column_1_1 1_1 fusion-one-full fusion-column-first fusion-column-last\" style=\"--awb-padding-right:150px;--awb-padding-left:150px;--awb-bg-size:cover;\"><div class=\"fusion-column-wrapper fusion-flex-column-wrapper-legacy\"><div class=\"fusion-column-content-centered\"><div class=\"fusion-column-content\"><div class=\"fusion-text fusion-text-2\"><p>Gestalten Sie bei M\u00f6belhaus Kreuder Ihr Traumsofa nach Ma\u00df! Bei einer Vielzahl unserer handgefertigten Polstergarnituren sind Sie der Designer! Egal ob Eckl\u00f6sung, Polsterhocker, Schlafsessel oder normales Sofa: bei uns designen Sie alle Polsterm\u00f6bel ganz nach Ihren W\u00fcnschen.<\/p>\n<p>Sie erhalten Traumm\u00f6bel ma\u00dfgefertigt f\u00fcr Ihre R\u00e4umlichkeiten. Hierbei verwenden wir nur beste Materialien von h\u00f6chster Qualit\u00e4t. Sie bestimmen alles vom Design \u00fcber Funktion bis hin zum Bezugsmaterial.<\/p>\n<p>Lassen Sie sich von unseren Experten beraten und planen Sie gemeinsam mit ihnen Ihre Wunschm\u00f6bel. Egal ob 3er Sofa, Sessel oder Zweisitzer: W\u00e4hlen Sie unter unz\u00e4hligen Armlehnvarianten, verschiedenen Sitztiefen, Sofabreiten und H\u00f6hen aus. Wir informieren Sie ausf\u00fchrlich \u00fcber alle M\u00f6glichkeiten sowie Vor- und Nachteile der verschiedenen Materialien.<\/p>\n<\/div><\/div><\/div><div class=\"fusion-clearfix\"><\/div><\/div><\/div><div class=\"fusion-layout-column fusion_builder_column fusion-builder-column-2 fusion_builder_column_1_1 1_1 fusion-one-full fusion-column-first fusion-column-last\" style=\"--awb-bg-size:cover;\"><div class=\"fusion-column-wrapper fusion-flex-column-wrapper-legacy\"><div class=\"fusion-sep-clear\"><\/div><div class=\"fusion-separator fusion-full-width-sep\" style=\"margin-left: auto;margin-right: auto;margin-top:15px;width:100%;\"><\/div><div class=\"fusion-sep-clear\"><\/div><div class=\"fusion-aligncenter\"><a class=\"fusion-button button-flat button-large button-custom fusion-button-default button-1 fusion-button-default-span \" style=\"--button_accent_color:#494343;--button_border_color:#494343;--button_accent_hover_color:#af1917;--button_border_hover_color:#af1917;--button_border_width-top:2px;--button_border_width-right:2px;--button_border_width-bottom:2px;--button_border_width-left:2px;--button_gradient_top_color:rgba(255,255,255,0);--button_gradient_bottom_color:rgba(255,255,255,0);--button_gradient_top_color_hover:rgba(255,255,255,0.1);--button_gradient_bottom_color_hover:rgba(255,255,255,0.1);\" target=\"_self\" href=\"\/w-kreuder\/kontakt\/\"><span class=\"fusion-button-text\">kontaktieren Sie uns<\/span><\/a><\/div><div class=\"fusion-clearfix\"><\/div><\/div><\/div><\/div><\/div><div class=\"fusion-fullwidth fullwidth-box fusion-builder-row-2 nonhundred-percent-fullwidth non-hundred-percent-height-scrolling\" style=\"--awb-border-radius-top-left:0px;--awb-border-radius-top-right:0px;--awb-border-radius-bottom-right:0px;--awb-border-radius-bottom-left:0px;--awb-padding-top:50px;--awb-padding-bottom:50px;--awb-background-color:#f4f4f4;--awb-flex-wrap:wrap;\" ><div class=\"fusion-builder-row fusion-row\"><div class=\"fusion-layout-column fusion_builder_column fusion-builder-column-3 fusion_builder_column_1_1 1_1 fusion-one-full fusion-column-first fusion-column-last\" style=\"--awb-bg-size:cover;\"><div class=\"fusion-column-wrapper fusion-flex-column-wrapper-legacy\"><div class=\"fusion-text fusion-text-3\"><h2 style=\"text-align: center;\">Gestalten Sie Ihr Zuhause neu<\/h2>\n<div style=\"text-align: center;\">Mit unserem Materialo-Raumplaner k\u00f6nnen Sie einfach per Mausklick Stoffe, B\u00f6den, W\u00e4nde und M\u00f6bel visualisieren.<\/div>\n<div style=\"text-align: center;\">W\u00e4hlen Sie Ihre Raumsituation &#8211; von schlicht \u00fcber elegant, bis Landhaus und modern. Probieren Sie aus und erg\u00e4nzen Sie, bis es Ihnen gef\u00e4llt:<br \/>\n<a href=\"http:\/\/w-kreuder.stoffkatalog.com\/\" target=\"_blank\" rel=\"noopener noreferrer\"><b>Materialo Raumplaner starten&#8230;<\/b><\/a><\/div>\n<\/div><div class=\"fusion-clearfix\"><\/div><\/div><\/div><\/div><\/div><div class=\"fusion-fullwidth fullwidth-box fusion-builder-row-3 nonhundred-percent-fullwidth non-hundred-percent-height-scrolling\" style=\"--awb-border-radius-top-left:0px;--awb-border-radius-top-right:0px;--awb-border-radius-bottom-right:0px;--awb-border-radius-bottom-left:0px;--awb-padding-top:100px;--awb-padding-bottom:80px;--awb-background-color:#f4f4f4;--awb-flex-wrap:wrap;\" ><div class=\"fusion-builder-row fusion-row\"><div class=\"fusion-layout-column fusion_builder_column fusion-builder-column-4 fusion_builder_column_1_1 1_1 fusion-one-full fusion-column-first fusion-column-last\" style=\"--awb-bg-size:cover;\"><div class=\"fusion-column-wrapper fusion-flex-column-wrapper-legacy\"><div class=\"fusion-image-carousel fusion-image-carousel-fixed fusion-image-carousel-1 lightbox-enabled\"><div class=\"awb-carousel awb-swiper awb-swiper-carousel\" data-autoplay=\"no\" data-columns=\"4\" data-itemmargin=\"13\" data-itemwidth=\"180\" data-touchscroll=\"no\" data-imagesize=\"fixed\" style=\"--awb-columns:4;\"><div class=\"swiper-wrapper awb-image-carousel-wrapper fusion-flex-align-items-center\"><div class=\"swiper-slide\"><div class=\"fusion-carousel-item-wrapper\"><div class=\"fusion-image-wrapper hover-type-zoomin\"><a data-rel=\"iLightbox[image_carousel_1]\" data-title=\"Polstermoebel2\" aria-label=\"Polstermoebel2\" href=\"http:\/\/www.njoy-referenzen.de\/w-kreuder\/wp-content\/uploads\/Polstermoebel2.jpg\" target=\"_self\"><img width=\"320\" height=\"202\" src=\"https:\/\/www.njoy-referenzen.de\/w-kreuder\/wp-content\/uploads\/Polstermoebel2-320x202.jpg\" class=\"attachment-blog-medium size-blog-medium\" alt=\"\" decoding=\"async\" \/><\/a><\/div><\/div><\/div><div class=\"swiper-slide\"><div class=\"fusion-carousel-item-wrapper\"><div class=\"fusion-image-wrapper hover-type-zoomin\"><a data-rel=\"iLightbox[image_carousel_1]\" data-title=\"Polstermoebel1\" aria-label=\"Polstermoebel1\" href=\"http:\/\/www.njoy-referenzen.de\/w-kreuder\/wp-content\/uploads\/Polstermoebel1.jpg\" target=\"_self\"><img width=\"320\" height=\"202\" src=\"https:\/\/www.njoy-referenzen.de\/w-kreuder\/wp-content\/uploads\/Polstermoebel1-320x202.jpg\" class=\"attachment-blog-medium size-blog-medium\" alt=\"\" decoding=\"async\" \/><\/a><\/div><\/div><\/div><div class=\"swiper-slide\"><div class=\"fusion-carousel-item-wrapper\"><div class=\"fusion-image-wrapper hover-type-zoomin\"><a data-rel=\"iLightbox[image_carousel_1]\" data-title=\"Polstermoebel6\" aria-label=\"Polstermoebel6\" href=\"http:\/\/www.njoy-referenzen.de\/w-kreuder\/wp-content\/uploads\/Polstermoebel6.jpg\" target=\"_self\"><img width=\"320\" height=\"202\" src=\"https:\/\/www.njoy-referenzen.de\/w-kreuder\/wp-content\/uploads\/Polstermoebel6-320x202.jpg\" class=\"attachment-blog-medium size-blog-medium\" alt=\"\" decoding=\"async\" \/><\/a><\/div><\/div><\/div><div class=\"swiper-slide\"><div class=\"fusion-carousel-item-wrapper\"><div class=\"fusion-image-wrapper hover-type-zoomin\"><a data-rel=\"iLightbox[image_carousel_1]\" data-title=\"Polstermoebel5\" aria-label=\"Polstermoebel5\" href=\"http:\/\/www.njoy-referenzen.de\/w-kreuder\/wp-content\/uploads\/Polstermoebel5.jpg\" target=\"_self\"><img width=\"320\" height=\"202\" src=\"https:\/\/www.njoy-referenzen.de\/w-kreuder\/wp-content\/uploads\/Polstermoebel5-320x202.jpg\" class=\"attachment-blog-medium size-blog-medium\" alt=\"\" decoding=\"async\" \/><\/a><\/div><\/div><\/div><div class=\"swiper-slide\"><div class=\"fusion-carousel-item-wrapper\"><div class=\"fusion-image-wrapper hover-type-zoomin\"><a data-rel=\"iLightbox[image_carousel_1]\" data-title=\"Polstermoebel4\" aria-label=\"Polstermoebel4\" href=\"http:\/\/www.njoy-referenzen.de\/w-kreuder\/wp-content\/uploads\/Polstermoebel4.jpg\" target=\"_self\"><img width=\"320\" height=\"202\" src=\"https:\/\/www.njoy-referenzen.de\/w-kreuder\/wp-content\/uploads\/Polstermoebel4-320x202.jpg\" class=\"attachment-blog-medium size-blog-medium\" alt=\"\" decoding=\"async\" \/><\/a><\/div><\/div><\/div><div class=\"swiper-slide\"><div class=\"fusion-carousel-item-wrapper\"><div class=\"fusion-image-wrapper hover-type-zoomin\"><a data-rel=\"iLightbox[image_carousel_1]\" data-title=\"Polstermoebel3\" aria-label=\"Polstermoebel3\" href=\"http:\/\/www.njoy-referenzen.de\/w-kreuder\/wp-content\/uploads\/Polstermoebel3.jpg\" target=\"_self\"><img width=\"320\" height=\"202\" src=\"https:\/\/www.njoy-referenzen.de\/w-kreuder\/wp-content\/uploads\/Polstermoebel3-320x202.jpg\" class=\"attachment-blog-medium size-blog-medium\" alt=\"\" decoding=\"async\" \/><\/a><\/div><\/div><\/div><\/div><div class=\"awb-swiper-button awb-swiper-button-prev\"><i class=\"awb-icon-angle-left\" aria-hidden=\"true\"><\/i><\/div><div class=\"awb-swiper-button awb-swiper-button-next\"><i class=\"awb-icon-angle-right\" aria-hidden=\"true\"><\/i><\/div><\/div><\/div><div class=\"fusion-clearfix\"><\/div><\/div><\/div><\/div><\/div><div class=\"fusion-fullwidth fullwidth-box fusion-builder-row-4 hundred-percent-fullwidth non-hundred-percent-height-scrolling\" style=\"--awb-background-position:left top;--awb-background-repeat:repeat;--awb-border-sizes-top:0px;--awb-border-sizes-bottom:0px;--awb-border-sizes-left:0px;--awb-border-sizes-right:0px;--awb-border-radius-top-left:0px;--awb-border-radius-top-right:0px;--awb-border-radius-bottom-right:0px;--awb-border-radius-bottom-left:0px;--awb-padding-top:10px;--awb-padding-right:50px;--awb-padding-left:50px;--awb-flex-wrap:wrap;\" id=\"lp_block_3\" ><div class=\"fusion-builder-row fusion-row\"><div class=\"fusion-layout-column fusion_builder_column fusion-builder-column-5 fusion_builder_column_1_1 1_1 fusion-one-full fusion-column-first fusion-column-last\" style=\"--awb-bg-size:cover;--awb-margin-top:50px;--awb-margin-bottom:50px;\"><div class=\"fusion-column-wrapper fusion-flex-column-wrapper-legacy\"><div class=\"fusion-image-element fusion-image-align-center fusion-no-large-visibility in-legacy-container\" style=\"text-align:center;--awb-bottom-shadow-color:rgba(0,0,0,0.4);--awb-caption-title-font-family:var(--h2_typography-font-family);--awb-caption-title-font-weight:var(--h2_typography-font-weight);--awb-caption-title-font-style:var(--h2_typography-font-style);--awb-caption-title-size:var(--h2_typography-font-size);--awb-caption-title-transform:var(--h2_typography-text-transform);--awb-caption-title-line-height:var(--h2_typography-line-height);--awb-caption-title-letter-spacing:var(--h2_typography-letter-spacing);\"><div class=\"imageframe-align-center\"><div class=\"awb-image-frame awb-image-frame-1 imageframe-liftup fusion-image-frame-bottomshadow image-frame-shadow-1 fusion-no-large-visibility\"><span class=\" fusion-imageframe imageframe-bottomshadow imageframe-1 element-bottomshadow\"><img decoding=\"async\" width=\"650\" height=\"500\" alt=\"Polsterei &amp; Neubez\u00fcge\" title=\"Polsterei_nachMa\u00df\" src=\"http:\/\/www.njoy-referenzen.de\/w-kreuder\/wp-content\/uploads\/Polsterei_nachMa\u00df.jpg\" class=\"img-responsive wp-image-1970\" srcset=\"https:\/\/www.njoy-referenzen.de\/w-kreuder\/wp-content\/uploads\/Polsterei_nachMa\u00df-200x154.jpg 200w, https:\/\/www.njoy-referenzen.de\/w-kreuder\/wp-content\/uploads\/Polsterei_nachMa\u00df-400x308.jpg 400w, https:\/\/www.njoy-referenzen.de\/w-kreuder\/wp-content\/uploads\/Polsterei_nachMa\u00df-600x462.jpg 600w, https:\/\/www.njoy-referenzen.de\/w-kreuder\/wp-content\/uploads\/Polsterei_nachMa\u00df.jpg 650w\" sizes=\"(max-width: 800px) 100vw, 650px\" \/><\/span><\/div><\/div><\/div><div class=\"fusion-clearfix\"><\/div><\/div><\/div><div class=\"fusion-layout-column fusion_builder_column fusion-builder-column-6 fusion_builder_column_1_1 1_1 fusion-one-full fusion-column-first fusion-column-last fusion-no-large-visibility\" style=\"--awb-padding-right:150px;--awb-padding-left:150px;--awb-bg-size:cover;--awb-margin-bottom:50px;\"><div class=\"fusion-column-wrapper fusion-flex-column-wrapper-legacy\"><div class=\"fusion-column-content-centered\"><div class=\"fusion-column-content\"><div class=\"fusion-text fusion-text-4\"><h2 style=\"color: #48495a; text-align: center; line-height: 1.0;\">So designen Sie Ihre handgefertigten Polsterm\u00f6bel<\/h2>\n<p>Nach einem ausgiebigen Probesitzen in unserer Ausstellung, k\u00f6nnen Sie vom supersoften Daunenkissen \u00fcber Schaumstoff-F\u00fcllungen bis hin zum Boxspringfederkern Ihren Wunschsitz in fast jedes Modell einbauen lassen und sich somit Ihre Polsterm\u00f6bel nach Ma\u00df verwirklichen. Jede Ma\u00dfabweichung k\u00f6nnen wir f\u00fcr Ihr Sofa oder Sofas ber\u00fccksichtigen. Somit ist Schluss mit \u00e4rgerlichen Dachschr\u00e4gen, denn durch unser Konzept passen sich Ihre M\u00f6bel ideal Ihren R\u00e4umlichkeiten an.<\/p>\n<\/div><\/div><\/div><div class=\"fusion-clearfix\"><\/div><\/div><\/div><div class=\"fusion-layout-column fusion_builder_column fusion-builder-column-7 fusion_builder_column_1_2 1_2 fusion-one-half fusion-column-first fusion-no-small-visibility fusion-no-medium-visibility\" style=\"--awb-padding-top:10px;--awb-padding-right:50px;--awb-padding-left:200px;--awb-bg-size:cover;width:50%;width:calc(50% - ( ( 4% ) * 0.5 ) );margin-right: 4%;\"><div class=\"fusion-column-wrapper fusion-flex-column-wrapper-legacy\"><div class=\"fusion-column-content-centered\"><div class=\"fusion-column-content\"><div class=\"fusion-text fusion-text-5\"><h2 style=\"color: #48495a; text-align: left; line-height: 1.0;\">So designen Sie Ihre handgefertigten Polsterm\u00f6bel<\/h2>\n<p>Nach einem ausgiebigen Probesitzen in unserer Ausstellung, k\u00f6nnen Sie vom supersoften Daunenkissen \u00fcber Schaumstoff-F\u00fcllungen bis hin zum Boxspringfederkern Ihren Wunschsitz in fast jedes Modell einbauen lassen und sich somit Ihre Polsterm\u00f6bel nach Ma\u00df verwirklichen. Jede Ma\u00dfabweichung k\u00f6nnen wir f\u00fcr Ihr Sofa oder Sofas ber\u00fccksichtigen. Somit ist Schluss mit \u00e4rgerlichen Dachschr\u00e4gen, denn durch unser Konzept passen sich Ihre M\u00f6bel ideal Ihren R\u00e4umlichkeiten an.<\/p>\n<\/div><\/div><\/div><div class=\"fusion-clearfix\"><\/div><\/div><\/div><div class=\"fusion-layout-column fusion_builder_column fusion-builder-column-8 fusion_builder_column_1_2 1_2 fusion-one-half fusion-column-last fusion-no-small-visibility fusion-no-medium-visibility\" style=\"--awb-padding-right:50px;--awb-padding-bottom:80px;--awb-padding-left:50px;--awb-bg-size:cover;--awb-margin-bottom:50px;width:50%;width:calc(50% - ( ( 4% ) * 0.5 ) );\"><div class=\"fusion-column-wrapper fusion-flex-column-wrapper-legacy\"><div class=\"fusion-image-element fusion-image-align-center in-legacy-container\" style=\"text-align:center;--awb-bottom-shadow-color:rgba(0,0,0,0.4);--awb-caption-title-font-family:var(--h2_typography-font-family);--awb-caption-title-font-weight:var(--h2_typography-font-weight);--awb-caption-title-font-style:var(--h2_typography-font-style);--awb-caption-title-size:var(--h2_typography-font-size);--awb-caption-title-transform:var(--h2_typography-text-transform);--awb-caption-title-line-height:var(--h2_typography-line-height);--awb-caption-title-letter-spacing:var(--h2_typography-letter-spacing);\"><div class=\"imageframe-align-center\"><div class=\"awb-image-frame awb-image-frame-2 imageframe-liftup fusion-image-frame-bottomshadow image-frame-shadow-2\"><span class=\" fusion-imageframe imageframe-bottomshadow imageframe-2 element-bottomshadow\"><img decoding=\"async\" width=\"650\" height=\"500\" alt=\"Polsterei &amp; Neubez\u00fcge\" title=\"Polsterei_nachMa\u00df\" src=\"http:\/\/www.njoy-referenzen.de\/w-kreuder\/wp-content\/uploads\/Polsterei_nachMa\u00df.jpg\" class=\"img-responsive wp-image-1970\" srcset=\"https:\/\/www.njoy-referenzen.de\/w-kreuder\/wp-content\/uploads\/Polsterei_nachMa\u00df-200x154.jpg 200w, https:\/\/www.njoy-referenzen.de\/w-kreuder\/wp-content\/uploads\/Polsterei_nachMa\u00df-400x308.jpg 400w, https:\/\/www.njoy-referenzen.de\/w-kreuder\/wp-content\/uploads\/Polsterei_nachMa\u00df-600x462.jpg 600w, https:\/\/www.njoy-referenzen.de\/w-kreuder\/wp-content\/uploads\/Polsterei_nachMa\u00df.jpg 650w\" sizes=\"(max-width: 800px) 100vw, 600px\" \/><\/span><\/div><\/div><\/div><div class=\"fusion-clearfix\"><\/div><\/div><\/div><\/div><\/div><div class=\"fusion-fullwidth fullwidth-box fusion-builder-row-5 fusion-parallax-fixed nonhundred-percent-fullwidth non-hundred-percent-height-scrolling\" style=\"--awb-background-position:center top;--awb-border-radius-top-left:0px;--awb-border-radius-top-right:0px;--awb-border-radius-bottom-right:0px;--awb-border-radius-bottom-left:0px;--awb-padding-top:20px;--awb-padding-bottom:-20px;--awb-background-image:url(&quot;http:\/\/www.njoy-referenzen.de\/w-kreuder\/wp-content\/uploads\/Hintergrund_PolsternachMass.jpg&quot;);--awb-background-size:cover;--awb-flex-wrap:wrap;background-attachment:fixed;\" id=\"lp_block_5\" ><div class=\"fusion-builder-row fusion-row\"><div class=\"fusion-layout-column fusion_builder_column fusion-builder-column-9 fusion_builder_column_1_1 1_1 fusion-one-full fusion-column-first fusion-column-last\" style=\"--awb-padding-top:150px;--awb-padding-right:200px;--awb-padding-bottom:150px;--awb-padding-left:200px;--awb-bg-size:cover;\"><div class=\"fusion-column-wrapper fusion-flex-column-wrapper-legacy\"><div class=\"fusion-text fusion-text-6\"><h3 style=\"text-align: center;\"><span style=\"color: #ffffff;\">250 verschiedene Leder- und \u00fcber 10.000 Stoff- und Mikrofaser-Varianten stehen Ihnen zur Auswahl. Lassen Sie diese durch verschiedene Nahtvarianten ma\u00dfgefertigt veredeln.<\/span><\/h3>\n<\/div><div class=\"fusion-clearfix\"><\/div><\/div><\/div><\/div><\/div><div class=\"fusion-fullwidth fullwidth-box fusion-builder-row-6 nonhundred-percent-fullwidth non-hundred-percent-height-scrolling\" style=\"--awb-background-position:left bottom;--awb-border-sizes-top:0px;--awb-border-sizes-bottom:0px;--awb-border-sizes-left:0px;--awb-border-sizes-right:0px;--awb-border-radius-top-left:0px;--awb-border-radius-top-right:0px;--awb-border-radius-bottom-right:0px;--awb-border-radius-bottom-left:0px;--awb-padding-top:50px;--awb-padding-bottom:50px;--awb-margin-top:25px;--awb-flex-wrap:wrap;\" ><div class=\"fusion-builder-row fusion-row\"><div class=\"fusion-layout-column fusion_builder_column fusion-builder-column-10 fusion_builder_column_1_1 1_1 fusion-one-full fusion-column-first fusion-column-last\" style=\"--awb-padding-right:100px;--awb-padding-left:100px;--awb-bg-size:cover;\"><div class=\"fusion-column-wrapper fusion-flex-column-wrapper-legacy\"><div class=\"fusion-column-content-centered\"><div class=\"fusion-column-content\"><div class=\"fusion-text fusion-text-7\"><h2 style=\"text-align: center;\"><span style=\"color: #af1917;\">Wir beraten Sie rund um Ihr Polsterm\u00f6bel<\/span><\/h2>\n<p style=\"text-align: center;\">Unsere Polstermeister beraten Sie vom ersten Kontakt bis zur Auslieferung Ihres M\u00f6belst\u00fcckes und sind auch sp\u00e4ter f\u00fcr jede Frage und jeden Rat Ihr Ansprechpartner; und das auch \u00fcber die gesetzliche Gew\u00e4hrleistung hinaus.<\/p>\n<\/div><\/div><\/div><div class=\"fusion-clearfix\"><\/div><\/div><\/div><div class=\"fusion-layout-column fusion_builder_column fusion-builder-column-11 fusion_builder_column_1_1 1_1 fusion-one-full fusion-column-first fusion-column-last\" style=\"--awb-bg-size:cover;\"><div class=\"fusion-column-wrapper fusion-flex-column-wrapper-legacy\"><div class=\"fusion-sep-clear\"><\/div><div class=\"fusion-separator fusion-full-width-sep\" style=\"margin-left: auto;margin-right: auto;margin-top:15px;width:100%;\"><\/div><div class=\"fusion-sep-clear\"><\/div><div class=\"fusion-aligncenter\"><a class=\"fusion-button button-flat button-large button-custom fusion-button-default button-2 fusion-button-default-span \" style=\"--button_accent_color:#494343;--button_border_color:#494343;--button_accent_hover_color:#af1917;--button_border_hover_color:#af1917;--button_gradient_top_color:rgba(255,255,255,0);--button_gradient_bottom_color:rgba(255,255,255,0);--button_gradient_top_color_hover:rgba(255,255,255,0.1);--button_gradient_bottom_color_hover:rgba(255,255,255,0.1);\" target=\"_self\" href=\"\/w-kreuder\/kontakt\/\"><span class=\"fusion-button-text\">kontaktieren Sie uns<\/span><\/a><\/div><div class=\"fusion-clearfix\"><\/div><\/div><\/div><\/div><\/div><div class=\"fusion-fullwidth fullwidth-box fusion-builder-row-7 nonhundred-percent-fullwidth non-hundred-percent-height-scrolling\" style=\"--awb-border-radius-top-left:0px;--awb-border-radius-top-right:0px;--awb-border-radius-bottom-right:0px;--awb-border-radius-bottom-left:0px;--awb-flex-wrap:wrap;\" ><div class=\"fusion-builder-row fusion-row\"><div class=\"fusion-layout-column fusion_builder_column fusion-builder-column-12 fusion_builder_column_1_1 1_1 fusion-one-full fusion-column-first fusion-column-last\" style=\"--awb-bg-size:cover;\"><div class=\"fusion-column-wrapper fusion-flex-column-wrapper-legacy\"><style>\n\n.tfs-slider .slide-content-container {\n    margin-top: 50px !important;\n    padding-top: 3% !important;\n    position: absolute;\n    top: 25%;\n    transform: translateY(-50%);\n    width: 100%;\n    z-index: 5;\n    \n    \n}\n\n\/* Smartphones (portrait) ----------- *\/\n@media screen \nand (max-width : 1000px) {\n.fusion-layout-column .fusion-column-content-centered .fusion-column-content {\n    padding: 0 !important;\n}\n}\n\n\/* Smartphones (portrait) ----------- *\/\n@media screen \nand (max-width : 1000px) {.fusion-fullwidth .fullwidth-box .fusion-parallax-none .nonhundred-percent-fullwidth {\n    background-image: none !important;\n}\n}\n .fusion-title-size-one, h1 {\n    margin-bottom: 0;\n    margin-top: 0.67em;\n}\n<\/style><div class=\"fusion-clearfix\"><\/div><\/div><\/div><\/div><\/div><\/p>\n","protected":false},"excerpt":{"rendered":"","protected":false},"author":1,"featured_media":0,"parent":0,"menu_order":0,"comment_status":"closed","ping_status":"closed","template":"100-width.php","meta":{"footnotes":""},"_links":{"self":[{"href":"https:\/\/www.njoy-referenzen.de\/w-kreuder\/wp-json\/wp\/v2\/pages\/1755"}],"collection":[{"href":"https:\/\/www.njoy-referenzen.de\/w-kreuder\/wp-json\/wp\/v2\/pages"}],"about":[{"href":"https:\/\/www.njoy-referenzen.de\/w-kreuder\/wp-json\/wp\/v2\/types\/page"}],"author":[{"embeddable":true,"href":"https:\/\/www.njoy-referenzen.de\/w-kreuder\/wp-json\/wp\/v2\/users\/1"}],"replies":[{"embeddable":true,"href":"https:\/\/www.njoy-referenzen.de\/w-kreuder\/wp-json\/wp\/v2\/comments?post=1755"}],"version-history":[{"count":37,"href":"https:\/\/www.njoy-referenzen.de\/w-kreuder\/wp-json\/wp\/v2\/pages\/1755\/revisions"}],"predecessor-version":[{"id":2417,"href":"https:\/\/www.njoy-referenzen.de\/w-kreuder\/wp-json\/wp\/v2\/pages\/1755\/revisions\/2417"}],"wp:attachment":[{"href":"https:\/\/www.njoy-referenzen.de\/w-kreuder\/wp-json\/wp\/v2\/media?parent=1755"}],"curies":[{"name":"wp","href":"https:\/\/api.w.org\/{rel}","templated":true}]}}