























{"id":1526,"date":"2020-07-06T20:46:04","date_gmt":"2020-07-06T20:46:04","guid":{"rendered":"https:\/\/www.njoy-referenzen.de\/pfirsichhaut\/?post_type=product&#038;p=1526"},"modified":"2022-10-28T11:28:01","modified_gmt":"2022-10-28T11:28:01","slug":"hyaluronic-boost-tonic","status":"publish","type":"product","link":"https:\/\/www.njoy-referenzen.de\/pfirsichhaut\/produkt\/hyaluronic-boost-tonic\/","title":{"rendered":"HYALURONIC BOOST TONIC"},"content":{"rendered":"<p class=\"p1\">AQUA (WATER), GLYCERIN, SODIUM HYALURONATE, ALLANTOIN, HYDROXYETHYL UREA, SODIUM BENZOATE, POTASSIUM SORBATE, SODIUM LACTATE, CITRIC ACID, SERINE, SORBITOL, GLUCOSE, LACTOSE, BENZYL ALCOHOL, SODIUM CHLORIDE, LACTIC ACID, P-ANISIC ACID, SODIUM HYDROXIDE, DEHYDROACETIC ACID<\/p>\n<p class=\"p1\">ohne Parabene<\/p>\n<p class=\"p1\">ohne Silikone<\/p>\n<p class=\"p1\">ohne Mikroplastik<\/p>\n<p class=\"p1\">ohne PEG\u2018s<\/p>\n<p class=\"p1\">ohne Mineral\u00f6le<\/p>\n<p class=\"p1\">ohne Parf\u00fcm\u00f6le<\/p>\n","protected":false},"excerpt":{"rendered":"<p class=\"p1\">Verpackungseinheit: 200ml Grundpreis: 13,995 \u20ac je 100 ml<\/p>\n<p><a href=\"https:\/\/www.njoy-referenzen.de\/pfirsichhaut\/wp-content\/uploads\/Goldheit.jpg\"><img class=\"alignnone wp-image-1441\" src=\"https:\/\/www.njoy-referenzen.de\/pfirsichhaut\/wp-content\/uploads\/Goldheit-300x210.jpg\" alt=\"\" width=\"97\" height=\"68\" srcset=\"https:\/\/www.njoy-referenzen.de\/pfirsichhaut\/wp-content\/uploads\/Goldheit-200x140.jpg 200w, https:\/\/www.njoy-referenzen.de\/pfirsichhaut\/wp-content\/uploads\/Goldheit-300x214.jpg 300w, https:\/\/www.njoy-referenzen.de\/pfirsichhaut\/wp-content\/uploads\/Goldheit.jpg 400w\" sizes=\"(max-width: 97px) 100vw, 97px\" \/><\/a><\/p>\n<p class=\"p1\">Beruhigendes und feuchtigkeitsspendendes Gesichtstonic mit Hyalurons\u00e4ure und Allantoin. F\u00fcr ein porentief reines, entspanntes Hautgef\u00fchl. Das Gesichtswasser beruhigt empfindliche, gestresste Haut und bereitet sie optimal auf die nachfolgenden Pflegeschritte vor.<\/p>\n<p class=\"p1\">ohne Parabene<\/p>\n<p class=\"p1\">ohne Silikone<\/p>\n<p class=\"p1\">ohne Mikroplastik<\/p>\n<p class=\"p1\">ohne PEG\u2018s<\/p>\n<p class=\"p1\">ohne Mineral\u00f6le<\/p>\n<p class=\"p1\">ohne Parf\u00fcm\u00f6le<\/p>\n<p><a class=\"shop-btn\" href=\"\/shop\/\">Zur\u00fcck zum Shop<\/a><\/p>\n","protected":false},"featured_media":1527,"comment_status":"closed","ping_status":"closed","template":"","meta":[],"product_cat":[23,25],"product_tag":[],"yoast_head":"<!-- This site is optimized with the Yoast SEO plugin v20.6 - https:\/\/yoast.com\/wordpress\/plugins\/seo\/ -->\n<title>HYALURONIC BOOST TONIC - Ihr Kosmetikstudio in Pirna<\/title>\n<meta name=\"robots\" content=\"noindex, follow, max-snippet:-1, max-image-preview:large, max-video-preview:-1\" \/>\n<meta property=\"og:locale\" content=\"de_DE\" \/>\n<meta property=\"og:type\" content=\"article\" \/>\n<meta property=\"og:title\" content=\"HYALURONIC BOOST TONIC - Ihr Kosmetikstudio in Pirna\" \/>\n<meta property=\"og:description\" content=\"Verpackungseinheit: 200ml Grundpreis: 13,995 \u20ac je 100 ml  Beruhigendes und feuchtigkeitsspendendes Gesichtstonic mit Hyalurons\u00e4ure und Allantoin. F\u00fcr ein porentief reines, entspanntes Hautgef\u00fchl. Das Gesichtswasser beruhigt empfindliche, gestresste Haut und bereitet sie optimal auf die nachfolgenden Pflegeschritte vor. ohne Parabene ohne Silikone ohne Mikroplastik ohne PEG\u2018s ohne Mineral\u00f6le ohne Parf\u00fcm\u00f6le Zur\u00fcck zum Shop\" \/>\n<meta property=\"og:url\" content=\"https:\/\/www.njoy-referenzen.de\/pfirsichhaut\/produkt\/hyaluronic-boost-tonic\/\" \/>\n<meta property=\"og:site_name\" content=\"Ihr Kosmetikstudio in Pirna\" \/>\n<meta property=\"article:modified_time\" content=\"2022-10-28T11:28:01+00:00\" \/>\n<meta property=\"og:image\" content=\"https:\/\/www.njoy-referenzen.de\/pfirsichhaut\/wp-content\/uploads\/6-2.jpg\" \/>\n\t<meta property=\"og:image:width\" content=\"960\" \/>\n\t<meta property=\"og:image:height\" content=\"960\" \/>\n\t<meta property=\"og:image:type\" content=\"image\/jpeg\" \/>\n<meta name=\"twitter:card\" content=\"summary_large_image\" \/>\n<meta name=\"twitter:label1\" content=\"Gesch\u00e4tzte Lesezeit\" \/>\n\t<meta name=\"twitter:data1\" content=\"1\u00a0Minute\" \/>\n<script type=\"application\/ld+json\" class=\"yoast-schema-graph\">{\"@context\":\"https:\/\/schema.org\",\"@graph\":[{\"@type\":\"WebPage\",\"@id\":\"https:\/\/www.njoy-referenzen.de\/pfirsichhaut\/produkt\/hyaluronic-boost-tonic\/\",\"url\":\"https:\/\/www.njoy-referenzen.de\/pfirsichhaut\/produkt\/hyaluronic-boost-tonic\/\",\"name\":\"HYALURONIC BOOST TONIC - Ihr Kosmetikstudio in Pirna\",\"isPartOf\":{\"@id\":\"https:\/\/www.njoy-referenzen.de\/pfirsichhaut\/#website\"},\"datePublished\":\"2020-07-06T20:46:04+00:00\",\"dateModified\":\"2022-10-28T11:28:01+00:00\",\"breadcrumb\":{\"@id\":\"https:\/\/www.njoy-referenzen.de\/pfirsichhaut\/produkt\/hyaluronic-boost-tonic\/#breadcrumb\"},\"inLanguage\":\"de\",\"potentialAction\":[{\"@type\":\"ReadAction\",\"target\":[\"https:\/\/www.njoy-referenzen.de\/pfirsichhaut\/produkt\/hyaluronic-boost-tonic\/\"]}]},{\"@type\":\"BreadcrumbList\",\"@id\":\"https:\/\/www.njoy-referenzen.de\/pfirsichhaut\/produkt\/hyaluronic-boost-tonic\/#breadcrumb\",\"itemListElement\":[{\"@type\":\"ListItem\",\"position\":1,\"name\":\"Startseite\",\"item\":\"https:\/\/www.njoy-referenzen.de\/pfirsichhaut\/\"},{\"@type\":\"ListItem\",\"position\":2,\"name\":\"Shop\",\"item\":\"https:\/\/www.njoy-referenzen.de\/pfirsichhaut\/shop\/\"},{\"@type\":\"ListItem\",\"position\":3,\"name\":\"HYALURONIC BOOST TONIC\"}]},{\"@type\":\"WebSite\",\"@id\":\"https:\/\/www.njoy-referenzen.de\/pfirsichhaut\/#website\",\"url\":\"https:\/\/www.njoy-referenzen.de\/pfirsichhaut\/\",\"name\":\"Ihr Kosmetikstudio in Pirna\",\"description\":\"Ihr Kosmetikstudio in Pirna\",\"potentialAction\":[{\"@type\":\"SearchAction\",\"target\":{\"@type\":\"EntryPoint\",\"urlTemplate\":\"https:\/\/www.njoy-referenzen.de\/pfirsichhaut\/?s={search_term_string}\"},\"query-input\":\"required name=search_term_string\"}],\"inLanguage\":\"de\"}]}<\/script>\n<!-- \/ Yoast SEO plugin. -->","yoast_head_json":{"title":"HYALURONIC BOOST TONIC - Ihr Kosmetikstudio in Pirna","robots":{"index":"noindex","follow":"follow","max-snippet":"max-snippet:-1","max-image-preview":"max-image-preview:large","max-video-preview":"max-video-preview:-1"},"og_locale":"de_DE","og_type":"article","og_title":"HYALURONIC BOOST TONIC - Ihr Kosmetikstudio in Pirna","og_description":"Verpackungseinheit: 200ml Grundpreis: 13,995 \u20ac je 100 ml  Beruhigendes und feuchtigkeitsspendendes Gesichtstonic mit Hyalurons\u00e4ure und Allantoin. F\u00fcr ein porentief reines, entspanntes Hautgef\u00fchl. Das Gesichtswasser beruhigt empfindliche, gestresste Haut und bereitet sie optimal auf die nachfolgenden Pflegeschritte vor. ohne Parabene ohne Silikone ohne Mikroplastik ohne PEG\u2018s ohne Mineral\u00f6le ohne Parf\u00fcm\u00f6le Zur\u00fcck zum Shop","og_url":"https:\/\/www.njoy-referenzen.de\/pfirsichhaut\/produkt\/hyaluronic-boost-tonic\/","og_site_name":"Ihr Kosmetikstudio in Pirna","article_modified_time":"2022-10-28T11:28:01+00:00","og_image":[{"width":960,"height":960,"url":"https:\/\/www.njoy-referenzen.de\/pfirsichhaut\/wp-content\/uploads\/6-2.jpg","type":"image\/jpeg"}],"twitter_card":"summary_large_image","twitter_misc":{"Gesch\u00e4tzte Lesezeit":"1\u00a0Minute"},"schema":{"@context":"https:\/\/schema.org","@graph":[{"@type":"WebPage","@id":"https:\/\/www.njoy-referenzen.de\/pfirsichhaut\/produkt\/hyaluronic-boost-tonic\/","url":"https:\/\/www.njoy-referenzen.de\/pfirsichhaut\/produkt\/hyaluronic-boost-tonic\/","name":"HYALURONIC BOOST TONIC - Ihr Kosmetikstudio in Pirna","isPartOf":{"@id":"https:\/\/www.njoy-referenzen.de\/pfirsichhaut\/#website"},"datePublished":"2020-07-06T20:46:04+00:00","dateModified":"2022-10-28T11:28:01+00:00","breadcrumb":{"@id":"https:\/\/www.njoy-referenzen.de\/pfirsichhaut\/produkt\/hyaluronic-boost-tonic\/#breadcrumb"},"inLanguage":"de","potentialAction":[{"@type":"ReadAction","target":["https:\/\/www.njoy-referenzen.de\/pfirsichhaut\/produkt\/hyaluronic-boost-tonic\/"]}]},{"@type":"BreadcrumbList","@id":"https:\/\/www.njoy-referenzen.de\/pfirsichhaut\/produkt\/hyaluronic-boost-tonic\/#breadcrumb","itemListElement":[{"@type":"ListItem","position":1,"name":"Startseite","item":"https:\/\/www.njoy-referenzen.de\/pfirsichhaut\/"},{"@type":"ListItem","position":2,"name":"Shop","item":"https:\/\/www.njoy-referenzen.de\/pfirsichhaut\/shop\/"},{"@type":"ListItem","position":3,"name":"HYALURONIC BOOST TONIC"}]},{"@type":"WebSite","@id":"https:\/\/www.njoy-referenzen.de\/pfirsichhaut\/#website","url":"https:\/\/www.njoy-referenzen.de\/pfirsichhaut\/","name":"Ihr Kosmetikstudio in Pirna","description":"Ihr Kosmetikstudio in Pirna","potentialAction":[{"@type":"SearchAction","target":{"@type":"EntryPoint","urlTemplate":"https:\/\/www.njoy-referenzen.de\/pfirsichhaut\/?s={search_term_string}"},"query-input":"required name=search_term_string"}],"inLanguage":"de"}]}},"_links":{"self":[{"href":"https:\/\/www.njoy-referenzen.de\/pfirsichhaut\/wp-json\/wp\/v3\/product\/1526"}],"collection":[{"href":"https:\/\/www.njoy-referenzen.de\/pfirsichhaut\/wp-json\/wp\/v3\/product"}],"about":[{"href":"https:\/\/www.njoy-referenzen.de\/pfirsichhaut\/wp-json\/wp\/v2\/types\/product"}],"replies":[{"embeddable":true,"href":"https:\/\/www.njoy-referenzen.de\/pfirsichhaut\/wp-json\/wp\/v2\/comments?post=1526"}],"wp:featuredmedia":[{"embeddable":true,"href":"https:\/\/www.njoy-referenzen.de\/pfirsichhaut\/wp-json\/wp\/v2\/media\/1527"}],"wp:attachment":[{"href":"https:\/\/www.njoy-referenzen.de\/pfirsichhaut\/wp-json\/wp\/v2\/media?parent=1526"}],"wp:term":[{"taxonomy":"product_cat","embeddable":true,"href":"https:\/\/www.njoy-referenzen.de\/pfirsichhaut\/wp-json\/wp\/v2\/product_cat?post=1526"},{"taxonomy":"product_tag","embeddable":true,"href":"https:\/\/www.njoy-referenzen.de\/pfirsichhaut\/wp-json\/wp\/v2\/product_tag?post=1526"}],"curies":[{"name":"wp","href":"https:\/\/api.w.org\/{rel}","templated":true}]}}