























{"id":1480,"date":"2020-07-06T15:58:48","date_gmt":"2020-07-06T15:58:48","guid":{"rendered":"https:\/\/www.njoy-referenzen.de\/pfirsichhaut\/?post_type=product&#038;p=1480"},"modified":"2022-10-28T11:33:59","modified_gmt":"2022-10-28T11:33:59","slug":"body-vital-hand-balsam","status":"publish","type":"product","link":"https:\/\/www.njoy-referenzen.de\/pfirsichhaut\/produkt\/body-vital-hand-balsam\/","title":{"rendered":"BODY VITAL Hand-Balsam"},"content":{"rendered":"<p class=\"p1\">Aqua (Water), Dicaprylyl Ether, Cetearyl Alcohol, Octyldodecanol, Glycerin, Caprylic\/Capric Triglyceride, Sesamum Indicum (Sesame) Seed Oil, Persea Gratissima (Avocado) Oil, Butylene Glycol, Distarch Phosphate, Glyceryl Stearate, Panthenol, Prunus Amygdalus Dulcis (Sweet Almond) Oil, Hydrogenated Sweet Almond Oil, Calendula Officinalis Flower Extract, Chamomilla Recutita (Matricaria) Flower Extract, Alcohol Denat., Phenoxyethanol, Stearic Acid, Sodium Lauroyl Glutamate, Ammonium Acryloyldimethyltaurate\/VP Copolymer, Parfum (Fragrance), Cetearyl Glucoside, Ethylhexylglycerin, o-Cymen-5-ol, Citric Acid, Hexyl Cinnamal, Limonene, Linalool, Tocopherol, Butylphenyl Methylpropional, Geraniol, Ascorbyl Palmitate, Coumarin, Citral, Ascorbic Acid<\/p>\n","protected":false},"excerpt":{"rendered":"<p class=\"p1\">Verpackungseinheit: 75 ml (Grundpreis 12,87 \u20ac \/ 100 ml)<\/p>\n<p><a href=\"https:\/\/www.njoy-referenzen.de\/pfirsichhaut\/wp-content\/uploads\/Logo.png\"><img class=\"alignnone wp-image-1419\" src=\"https:\/\/www.njoy-referenzen.de\/pfirsichhaut\/wp-content\/uploads\/Logo-300x70.png\" alt=\"\" width=\"177\" height=\"41\" srcset=\"https:\/\/www.njoy-referenzen.de\/pfirsichhaut\/wp-content\/uploads\/Logo-200x46.png 200w, https:\/\/www.njoy-referenzen.de\/pfirsichhaut\/wp-content\/uploads\/Logo-300x70.png 300w, https:\/\/www.njoy-referenzen.de\/pfirsichhaut\/wp-content\/uploads\/Logo-400x93.png 400w, https:\/\/www.njoy-referenzen.de\/pfirsichhaut\/wp-content\/uploads\/Logo-500x116.png 500w, https:\/\/www.njoy-referenzen.de\/pfirsichhaut\/wp-content\/uploads\/Logo.png 521w\" sizes=\"(max-width: 177px) 100vw, 177px\" \/><\/a><\/p>\n<p class=\"p1\">Der reichhaltige Handbalsam mit Lichtschutzfaktor 15 enth\u00e4lt Mandelbl\u00fctenextrakt und Ringelblume. Er l\u00e4sst sich gut auftragen und zieht rasch ein. Strapazierte und trockene H\u00e4nden werden intensiv gepflegt und sp\u00fchrbar weicher und glatter. Provitamin B5 und Ringelblumenextrakt spenden gestresster Haut intensive Feuchtigkeit. Mandelbutter beruhigt und lindert rissige und gereizte H\u00e4nde. Der Balsam ist optimal geeignet f\u00fcr die t\u00e4gliche Pflege um Risse, Verhornungen und Entz\u00fcndungen der H\u00e4nde und der Nagelhaut vorzubeugen. Fr\u00fchzeitige Hautalterungsanzeichen, wie Pigmentflecke, werden vorgebeug und die Haut erh\u00e4lt Frische und Spannkraft.<\/p>\n<p><a class=\"shop-btn\" href=\"\/shop\/\">Zur\u00fcck zum Shop<\/a><\/p>\n","protected":false},"featured_media":1665,"comment_status":"closed","ping_status":"closed","template":"","meta":[],"product_cat":[20,27],"product_tag":[],"yoast_head":"<!-- This site is optimized with the Yoast SEO plugin v20.6 - https:\/\/yoast.com\/wordpress\/plugins\/seo\/ -->\n<title>BODY VITAL Hand-Balsam - Ihr Kosmetikstudio in Pirna<\/title>\n<meta name=\"robots\" content=\"noindex, follow, max-snippet:-1, max-image-preview:large, max-video-preview:-1\" \/>\n<meta property=\"og:locale\" content=\"de_DE\" \/>\n<meta property=\"og:type\" content=\"article\" \/>\n<meta property=\"og:title\" content=\"BODY VITAL Hand-Balsam - Ihr Kosmetikstudio in Pirna\" \/>\n<meta property=\"og:description\" content=\"Verpackungseinheit: 75 ml (Grundpreis 12,87 \u20ac \/ 100 ml)  Der reichhaltige Handbalsam mit Lichtschutzfaktor 15 enth\u00e4lt Mandelbl\u00fctenextrakt und Ringelblume. Er l\u00e4sst sich gut auftragen und zieht rasch ein. Strapazierte und trockene H\u00e4nden werden intensiv gepflegt und sp\u00fchrbar weicher und glatter. Provitamin B5 und Ringelblumenextrakt spenden gestresster Haut intensive Feuchtigkeit. Mandelbutter beruhigt und lindert rissige und gereizte H\u00e4nde. Der Balsam ist optimal geeignet f\u00fcr die t\u00e4gliche Pflege um Risse, Verhornungen und Entz\u00fcndungen der H\u00e4nde und der Nagelhaut vorzubeugen. Fr\u00fchzeitige Hautalterungsanzeichen, wie Pigmentflecke, werden vorgebeug und die Haut erh\u00e4lt Frische und Spannkraft. Zur\u00fcck zum Shop\" \/>\n<meta property=\"og:url\" content=\"https:\/\/www.njoy-referenzen.de\/pfirsichhaut\/produkt\/body-vital-hand-balsam\/\" \/>\n<meta property=\"og:site_name\" content=\"Ihr Kosmetikstudio in Pirna\" \/>\n<meta property=\"article:modified_time\" content=\"2022-10-28T11:33:59+00:00\" \/>\n<meta property=\"og:image\" content=\"https:\/\/www.njoy-referenzen.de\/pfirsichhaut\/wp-content\/uploads\/13-1.jpg\" \/>\n\t<meta property=\"og:image:width\" content=\"1000\" \/>\n\t<meta property=\"og:image:height\" content=\"1000\" \/>\n\t<meta property=\"og:image:type\" content=\"image\/jpeg\" \/>\n<meta name=\"twitter:card\" content=\"summary_large_image\" \/>\n<meta name=\"twitter:label1\" content=\"Gesch\u00e4tzte Lesezeit\" \/>\n\t<meta name=\"twitter:data1\" content=\"1\u00a0Minute\" \/>\n<script type=\"application\/ld+json\" class=\"yoast-schema-graph\">{\"@context\":\"https:\/\/schema.org\",\"@graph\":[{\"@type\":\"WebPage\",\"@id\":\"https:\/\/www.njoy-referenzen.de\/pfirsichhaut\/produkt\/body-vital-hand-balsam\/\",\"url\":\"https:\/\/www.njoy-referenzen.de\/pfirsichhaut\/produkt\/body-vital-hand-balsam\/\",\"name\":\"BODY VITAL Hand-Balsam - Ihr Kosmetikstudio in Pirna\",\"isPartOf\":{\"@id\":\"https:\/\/www.njoy-referenzen.de\/pfirsichhaut\/#website\"},\"datePublished\":\"2020-07-06T15:58:48+00:00\",\"dateModified\":\"2022-10-28T11:33:59+00:00\",\"breadcrumb\":{\"@id\":\"https:\/\/www.njoy-referenzen.de\/pfirsichhaut\/produkt\/body-vital-hand-balsam\/#breadcrumb\"},\"inLanguage\":\"de\",\"potentialAction\":[{\"@type\":\"ReadAction\",\"target\":[\"https:\/\/www.njoy-referenzen.de\/pfirsichhaut\/produkt\/body-vital-hand-balsam\/\"]}]},{\"@type\":\"BreadcrumbList\",\"@id\":\"https:\/\/www.njoy-referenzen.de\/pfirsichhaut\/produkt\/body-vital-hand-balsam\/#breadcrumb\",\"itemListElement\":[{\"@type\":\"ListItem\",\"position\":1,\"name\":\"Startseite\",\"item\":\"https:\/\/www.njoy-referenzen.de\/pfirsichhaut\/\"},{\"@type\":\"ListItem\",\"position\":2,\"name\":\"Shop\",\"item\":\"https:\/\/www.njoy-referenzen.de\/pfirsichhaut\/shop\/\"},{\"@type\":\"ListItem\",\"position\":3,\"name\":\"BODY VITAL Hand-Balsam\"}]},{\"@type\":\"WebSite\",\"@id\":\"https:\/\/www.njoy-referenzen.de\/pfirsichhaut\/#website\",\"url\":\"https:\/\/www.njoy-referenzen.de\/pfirsichhaut\/\",\"name\":\"Ihr Kosmetikstudio in Pirna\",\"description\":\"Ihr Kosmetikstudio in Pirna\",\"potentialAction\":[{\"@type\":\"SearchAction\",\"target\":{\"@type\":\"EntryPoint\",\"urlTemplate\":\"https:\/\/www.njoy-referenzen.de\/pfirsichhaut\/?s={search_term_string}\"},\"query-input\":\"required name=search_term_string\"}],\"inLanguage\":\"de\"}]}<\/script>\n<!-- \/ Yoast SEO plugin. -->","yoast_head_json":{"title":"BODY VITAL Hand-Balsam - Ihr Kosmetikstudio in Pirna","robots":{"index":"noindex","follow":"follow","max-snippet":"max-snippet:-1","max-image-preview":"max-image-preview:large","max-video-preview":"max-video-preview:-1"},"og_locale":"de_DE","og_type":"article","og_title":"BODY VITAL Hand-Balsam - Ihr Kosmetikstudio in Pirna","og_description":"Verpackungseinheit: 75 ml (Grundpreis 12,87 \u20ac \/ 100 ml)  Der reichhaltige Handbalsam mit Lichtschutzfaktor 15 enth\u00e4lt Mandelbl\u00fctenextrakt und Ringelblume. Er l\u00e4sst sich gut auftragen und zieht rasch ein. Strapazierte und trockene H\u00e4nden werden intensiv gepflegt und sp\u00fchrbar weicher und glatter. Provitamin B5 und Ringelblumenextrakt spenden gestresster Haut intensive Feuchtigkeit. Mandelbutter beruhigt und lindert rissige und gereizte H\u00e4nde. Der Balsam ist optimal geeignet f\u00fcr die t\u00e4gliche Pflege um Risse, Verhornungen und Entz\u00fcndungen der H\u00e4nde und der Nagelhaut vorzubeugen. Fr\u00fchzeitige Hautalterungsanzeichen, wie Pigmentflecke, werden vorgebeug und die Haut erh\u00e4lt Frische und Spannkraft. Zur\u00fcck zum Shop","og_url":"https:\/\/www.njoy-referenzen.de\/pfirsichhaut\/produkt\/body-vital-hand-balsam\/","og_site_name":"Ihr Kosmetikstudio in Pirna","article_modified_time":"2022-10-28T11:33:59+00:00","og_image":[{"width":1000,"height":1000,"url":"https:\/\/www.njoy-referenzen.de\/pfirsichhaut\/wp-content\/uploads\/13-1.jpg","type":"image\/jpeg"}],"twitter_card":"summary_large_image","twitter_misc":{"Gesch\u00e4tzte Lesezeit":"1\u00a0Minute"},"schema":{"@context":"https:\/\/schema.org","@graph":[{"@type":"WebPage","@id":"https:\/\/www.njoy-referenzen.de\/pfirsichhaut\/produkt\/body-vital-hand-balsam\/","url":"https:\/\/www.njoy-referenzen.de\/pfirsichhaut\/produkt\/body-vital-hand-balsam\/","name":"BODY VITAL Hand-Balsam - Ihr Kosmetikstudio in Pirna","isPartOf":{"@id":"https:\/\/www.njoy-referenzen.de\/pfirsichhaut\/#website"},"datePublished":"2020-07-06T15:58:48+00:00","dateModified":"2022-10-28T11:33:59+00:00","breadcrumb":{"@id":"https:\/\/www.njoy-referenzen.de\/pfirsichhaut\/produkt\/body-vital-hand-balsam\/#breadcrumb"},"inLanguage":"de","potentialAction":[{"@type":"ReadAction","target":["https:\/\/www.njoy-referenzen.de\/pfirsichhaut\/produkt\/body-vital-hand-balsam\/"]}]},{"@type":"BreadcrumbList","@id":"https:\/\/www.njoy-referenzen.de\/pfirsichhaut\/produkt\/body-vital-hand-balsam\/#breadcrumb","itemListElement":[{"@type":"ListItem","position":1,"name":"Startseite","item":"https:\/\/www.njoy-referenzen.de\/pfirsichhaut\/"},{"@type":"ListItem","position":2,"name":"Shop","item":"https:\/\/www.njoy-referenzen.de\/pfirsichhaut\/shop\/"},{"@type":"ListItem","position":3,"name":"BODY VITAL Hand-Balsam"}]},{"@type":"WebSite","@id":"https:\/\/www.njoy-referenzen.de\/pfirsichhaut\/#website","url":"https:\/\/www.njoy-referenzen.de\/pfirsichhaut\/","name":"Ihr Kosmetikstudio in Pirna","description":"Ihr Kosmetikstudio in Pirna","potentialAction":[{"@type":"SearchAction","target":{"@type":"EntryPoint","urlTemplate":"https:\/\/www.njoy-referenzen.de\/pfirsichhaut\/?s={search_term_string}"},"query-input":"required name=search_term_string"}],"inLanguage":"de"}]}},"_links":{"self":[{"href":"https:\/\/www.njoy-referenzen.de\/pfirsichhaut\/wp-json\/wp\/v3\/product\/1480"}],"collection":[{"href":"https:\/\/www.njoy-referenzen.de\/pfirsichhaut\/wp-json\/wp\/v3\/product"}],"about":[{"href":"https:\/\/www.njoy-referenzen.de\/pfirsichhaut\/wp-json\/wp\/v2\/types\/product"}],"replies":[{"embeddable":true,"href":"https:\/\/www.njoy-referenzen.de\/pfirsichhaut\/wp-json\/wp\/v2\/comments?post=1480"}],"wp:featuredmedia":[{"embeddable":true,"href":"https:\/\/www.njoy-referenzen.de\/pfirsichhaut\/wp-json\/wp\/v2\/media\/1665"}],"wp:attachment":[{"href":"https:\/\/www.njoy-referenzen.de\/pfirsichhaut\/wp-json\/wp\/v2\/media?parent=1480"}],"wp:term":[{"taxonomy":"product_cat","embeddable":true,"href":"https:\/\/www.njoy-referenzen.de\/pfirsichhaut\/wp-json\/wp\/v2\/product_cat?post=1480"},{"taxonomy":"product_tag","embeddable":true,"href":"https:\/\/www.njoy-referenzen.de\/pfirsichhaut\/wp-json\/wp\/v2\/product_tag?post=1480"}],"curies":[{"name":"wp","href":"https:\/\/api.w.org\/{rel}","templated":true}]}}