{"id":300,"date":"2022-03-21T10:23:16","date_gmt":"2022-03-21T09:23:16","guid":{"rendered":"https:\/\/www.njoy-referenzen.de\/finest-capital\/immobilienangebote-copy\/"},"modified":"2022-04-08T13:20:33","modified_gmt":"2022-04-08T11:20:33","slug":"ueber-uns","status":"publish","type":"page","link":"https:\/\/www.njoy-referenzen.de\/finest-capital\/ueber-uns\/","title":{"rendered":"\u00dcber uns"},"content":{"rendered":"\t\t<div data-elementor-type=\"wp-page\" data-elementor-id=\"300\" class=\"elementor elementor-300\">\n\t\t\t\t\t\t<section class=\"elementor-section elementor-top-section elementor-element elementor-element-7fd3b0a0 elementor-section-height-min-height elementor-section-boxed elementor-section-height-default elementor-section-items-middle\" data-id=\"7fd3b0a0\" data-element_type=\"section\" data-e-type=\"section\" data-settings=\"{&quot;background_background&quot;:&quot;classic&quot;}\">\n\t\t\t\t\t\t<div class=\"elementor-container elementor-column-gap-default\">\n\t\t\t\t\t<div class=\"elementor-column elementor-col-100 elementor-top-column elementor-element elementor-element-a3c72b2\" data-id=\"a3c72b2\" data-element_type=\"column\" data-e-type=\"column\">\n\t\t\t<div class=\"elementor-widget-wrap elementor-element-populated\">\n\t\t\t\t\t\t<section class=\"elementor-section elementor-inner-section elementor-element elementor-element-24242feb elementor-section-boxed elementor-section-height-default elementor-section-height-default\" data-id=\"24242feb\" data-element_type=\"section\" data-e-type=\"section\">\n\t\t\t\t\t\t<div class=\"elementor-container elementor-column-gap-default\">\n\t\t\t\t\t<div class=\"elementor-column elementor-col-50 elementor-inner-column elementor-element elementor-element-31dc1fb5\" data-id=\"31dc1fb5\" data-element_type=\"column\" data-e-type=\"column\">\n\t\t\t<div class=\"elementor-widget-wrap elementor-element-populated\">\n\t\t\t\t\t\t<div class=\"elementor-element elementor-element-6a4c175c gold elementor-widget elementor-widget-heading\" data-id=\"6a4c175c\" data-element_type=\"widget\" data-e-type=\"widget\" data-widget_type=\"heading.default\">\n\t\t\t\t<div class=\"elementor-widget-container\">\n\t\t\t\t\t<h1 class=\"elementor-heading-title elementor-size-default\">\u00dcber uns<\/h1>\t\t\t\t<\/div>\n\t\t\t\t<\/div>\n\t\t\t\t<div class=\"elementor-element elementor-element-e47080a elementor-widget elementor-widget-text-editor\" data-id=\"e47080a\" data-element_type=\"widget\" data-e-type=\"widget\" data-widget_type=\"text-editor.default\">\n\t\t\t\t<div class=\"elementor-widget-container\">\n\t\t\t\t\t\t\t\t\tFinest Capital &#8211; eine auf Immobilieninvestitionen spezialisierte Company.\t\t\t\t\t\t\t\t<\/div>\n\t\t\t\t<\/div>\n\t\t\t\t<div class=\"elementor-element elementor-element-60f18e28 elementor-widget elementor-widget-button\" data-id=\"60f18e28\" data-element_type=\"widget\" data-e-type=\"widget\" data-widget_type=\"button.default\">\n\t\t\t\t<div class=\"elementor-widget-container\">\n\t\t\t\t\t\t\t\t\t<div class=\"elementor-button-wrapper\">\n\t\t\t\t\t<a class=\"elementor-button elementor-button-link elementor-size-sm\" href=\"#kontakt\">\n\t\t\t\t\t\t<span class=\"elementor-button-content-wrapper\">\n\t\t\t\t\t\t\t\t\t<span class=\"elementor-button-text\">Lernen Sie uns kennen<\/span>\n\t\t\t\t\t<\/span>\n\t\t\t\t\t<\/a>\n\t\t\t\t<\/div>\n\t\t\t\t\t\t\t\t<\/div>\n\t\t\t\t<\/div>\n\t\t\t\t\t<\/div>\n\t\t<\/div>\n\t\t\t\t<div class=\"elementor-column elementor-col-50 elementor-inner-column elementor-element elementor-element-22d6bb7f\" data-id=\"22d6bb7f\" data-element_type=\"column\" data-e-type=\"column\">\n\t\t\t<div class=\"elementor-widget-wrap\">\n\t\t\t\t\t\t\t<\/div>\n\t\t<\/div>\n\t\t\t\t\t<\/div>\n\t\t<\/section>\n\t\t\t\t\t<\/div>\n\t\t<\/div>\n\t\t\t\t\t<\/div>\n\t\t<\/section>\n\t\t\t\t<section class=\"elementor-section elementor-top-section elementor-element elementor-element-2f3f5f90 elementor-section-boxed elementor-section-height-default elementor-section-height-default\" data-id=\"2f3f5f90\" data-element_type=\"section\" data-e-type=\"section\" data-settings=\"{&quot;background_background&quot;:&quot;classic&quot;}\">\n\t\t\t\t\t\t<div class=\"elementor-container elementor-column-gap-default\">\n\t\t\t\t\t<div class=\"elementor-column elementor-col-100 elementor-top-column elementor-element elementor-element-33ae3bc7\" data-id=\"33ae3bc7\" data-element_type=\"column\" data-e-type=\"column\">\n\t\t\t<div class=\"elementor-widget-wrap elementor-element-populated\">\n\t\t\t\t\t\t<section class=\"elementor-section elementor-inner-section elementor-element elementor-element-2c5e160f elementor-section-boxed elementor-section-height-default elementor-section-height-default\" data-id=\"2c5e160f\" data-element_type=\"section\" data-e-type=\"section\">\n\t\t\t\t\t\t<div class=\"elementor-container elementor-column-gap-default\">\n\t\t\t\t\t<div class=\"elementor-column elementor-col-100 elementor-inner-column elementor-element elementor-element-6d2cf2a8\" data-id=\"6d2cf2a8\" data-element_type=\"column\" data-e-type=\"column\">\n\t\t\t<div class=\"elementor-widget-wrap elementor-element-populated\">\n\t\t\t\t\t\t<div class=\"elementor-element elementor-element-c4bc086 elementor-widget elementor-widget-heading\" data-id=\"c4bc086\" data-element_type=\"widget\" data-e-type=\"widget\" data-widget_type=\"heading.default\">\n\t\t\t\t<div class=\"elementor-widget-container\">\n\t\t\t\t\t<h2 class=\"elementor-heading-title elementor-size-default\">Unsere Geschichte ...<\/h2>\t\t\t\t<\/div>\n\t\t\t\t<\/div>\n\t\t\t\t<div class=\"elementor-element elementor-element-aab49de elementor-widget elementor-widget-heading\" data-id=\"aab49de\" data-element_type=\"widget\" data-e-type=\"widget\" data-widget_type=\"heading.default\">\n\t\t\t\t<div class=\"elementor-widget-container\">\n\t\t\t\t\t<h3 class=\"elementor-heading-title elementor-size-default\">... ist schnell erz\u00e4hlt.\u200b<\/h3>\t\t\t\t<\/div>\n\t\t\t\t<\/div>\n\t\t\t\t\t<\/div>\n\t\t<\/div>\n\t\t\t\t\t<\/div>\n\t\t<\/section>\n\t\t\t\t<section class=\"elementor-section elementor-inner-section elementor-element elementor-element-392dce01 elementor-section-boxed elementor-section-height-default elementor-section-height-default\" data-id=\"392dce01\" data-element_type=\"section\" data-e-type=\"section\">\n\t\t\t\t\t\t<div class=\"elementor-container elementor-column-gap-default\">\n\t\t\t\t\t<div class=\"elementor-column elementor-col-100 elementor-inner-column elementor-element elementor-element-2255bad1\" data-id=\"2255bad1\" data-element_type=\"column\" data-e-type=\"column\">\n\t\t\t<div class=\"elementor-widget-wrap elementor-element-populated\">\n\t\t\t\t\t\t<div class=\"elementor-element elementor-element-eedbe3f elementor-widget elementor-widget-timeline-widget-addon\" data-id=\"eedbe3f\" data-element_type=\"widget\" data-e-type=\"widget\" data-widget_type=\"timeline-widget-addon.default\">\n\t\t\t\t<div class=\"elementor-widget-container\">\n\t\t\t\t\t<!-- ========= Timeline Widget Addon For Elementor 1.6.24 ========= -->\n<div id=\"twae-wrapper-eedbe3f\" class=\"twae-vertical twae-wrapper  twae-both-sided\">   \n    <div class=\"twae-start\"><\/div>    \n    <div id=\"twea-timeline-eedbe3f\" class=\"twae-timeline\" ><!-- Start of Story Repeater Content --><div id=\"story-8ed254d\" class=\"twae-story twae-repeater-item twae-story-right twae-story-no-icon\"><!-- Story Icon --><div class=\"twae-icon\"><\/div><!-- Story Arrow --><div class=\"twae-arrow\"><\/div><!-- Start of Story Content --><div class=\"twae-content\"><!-- Story Description --><div class=\"twae-description\">Als Prinz Maximilian zu Sayn-Wittgenstein-Berleburg und Marc Heemskerk sich kennenlernen, steht schnell fest: Wir legen unsere Kompetenzen zusammen und gr\u00fcnden ein Unternehmen.<\/div><\/div><\/div><!-- Start of Story Repeater Content --><div id=\"story-a5e202d\" class=\"twae-story twae-repeater-item twae-story-left twae-story-no-icon\"><!-- Story Icon --><div class=\"twae-icon\"><\/div><!-- Story Arrow --><div class=\"twae-arrow\"><\/div><!-- Start of Story Content --><div class=\"twae-content\"><!-- Story Description --><div class=\"twae-description\">Maximilian zu Sayn-Wittgenstein ist zu diesem Zeitpunkt Investmentbanker mit erstklassiger, langj\u00e4hriger Expertise und zudem mehrfach durch das \u201eHandelsblatt\u201c ausgezeichneter Verm\u00f6gensverwalter. Er geh\u00f6rt zu den Besten seiner Zunft.<\/div><\/div><\/div><!-- Start of Story Repeater Content --><div id=\"story-de21072\" class=\"twae-story twae-repeater-item twae-story-right twae-story-no-icon\"><!-- Story Icon --><div class=\"twae-icon\"><\/div><!-- Story Arrow --><div class=\"twae-arrow\"><\/div><!-- Start of Story Content --><div class=\"twae-content\"><!-- Story Description --><div class=\"twae-description\"><p>Marc Heemskerk, seit seinem 23. Lebensjahr selbstst\u00e4ndiger Unternehmer, ist hervorragend vernetzter Experte f\u00fcr Investitionen in Wohnimmobilien und blickt zu diesem Zeitpunkt auf ein fast 20-j\u00e4hriges Know-How mit unz\u00e4hligen Transaktionen zur\u00fcck.<\/p><\/div><\/div><\/div><!-- Start of Story Repeater Content --><div id=\"story-8ff837a\" class=\"twae-story twae-repeater-item twae-story-left twae-story-no-icon\"><!-- Story Icon --><div class=\"twae-icon\"><\/div><!-- Story Arrow --><div class=\"twae-arrow\"><\/div><!-- Start of Story Content --><div class=\"twae-content\"><!-- Story Description --><div class=\"twae-description\">Die gemeinsame Leidenschaft f\u00fcr Immobilien f\u00fchrt zur Gr\u00fcndung der \u201ePrinz zu Sayn-Wittgenstein Immobilien GmbH\u201c. Die Gesellschaft ber\u00e4t vornehmlich private verm\u00f6gende Klientel mit teils prominentem Hintergrund aus Sport, Unterhaltung und Unternehmertum bei deren Immobilieninvestments.<\/div><\/div><\/div><!-- Start of Story Repeater Content --><div id=\"story-5d28b3c\" class=\"twae-story twae-repeater-item twae-story-right twae-story-no-icon\"><!-- Story Icon --><div class=\"twae-icon\"><\/div><!-- Story Arrow --><div class=\"twae-arrow\"><\/div><!-- Start of Story Content --><div class=\"twae-content\"><!-- Story Description --><div class=\"twae-description\">Aus zahlreichen Gespr\u00e4chen kristallisierte sich jedoch zunehmend heraus, dass nicht nur attraktive Immobilieninvestments in Deutschland im Fokus stehen, sondern auch Investitionen in den Hot-Spots des Mittelmeerraums, wie zum Beispiel Mallorca, nachgefragt werden.<\/div><\/div><\/div><!-- Start of Story Repeater Content --><div id=\"story-a1b1863\" class=\"twae-story twae-repeater-item twae-story-left twae-story-no-icon\"><!-- Story Icon --><div class=\"twae-icon\"><\/div><!-- Story Arrow --><div class=\"twae-arrow\"><\/div><!-- Start of Story Content --><div class=\"twae-content\"><!-- Story Description --><div class=\"twae-description\"><p>Viele zahlungskr\u00e4ftige Kunden der \u201ePrinz zu Sayn-Wittgenstein Immobilien GmbH\u201c hegen den Wunsch, an diesen Hot-Spots zu investieren. Dabei steht die Eigennutzung solcher mediterranen Liegenschaften ebenso im Blickpunkt wie das Generieren einer attraktiven Rendite.<\/p><\/div><\/div><\/div><!-- Start of Story Repeater Content --><div id=\"story-a107e6f\" class=\"twae-story twae-repeater-item twae-story-right twae-story-no-icon\"><!-- Story Icon --><div class=\"twae-icon\"><\/div><!-- Story Arrow --><div class=\"twae-arrow\"><\/div><!-- Start of Story Content --><div class=\"twae-content\"><!-- Story Description --><div class=\"twae-description\">So entstand die Idee ein neues Brand ins Leben zu rufen. Die \u201eFinest Capital\u201c wurde geboren.<\/div><\/div><\/div><!-- Start of Story Repeater Content --><div id=\"story-2504f32\" class=\"twae-story twae-repeater-item twae-story-left twae-story-no-icon\"><!-- Story Icon --><div class=\"twae-icon\"><\/div><!-- Story Arrow --><div class=\"twae-arrow\"><\/div><!-- Start of Story Content --><div class=\"twae-content\"><!-- Story Description --><div class=\"twae-description\">Das Ergebnis ist eine auf Immobilieninvestitionen spezialisierte Company, die Ihren Kunden herausragende Immobilien mit Ferienvermietungslizenz auf Mallorca und Ibiza anbietet und zeitgleich diese traumhaften Immobilie durch Premiumpartner vor Ort bewirtschaftet und betreut.<\/div><\/div><\/div><!-- Start of Story Repeater Content --><div id=\"story-0e7d99d\" class=\"twae-story twae-repeater-item twae-story-right twae-story-no-icon\"><!-- Story Icon --><div class=\"twae-icon\"><\/div><!-- Story Arrow --><div class=\"twae-arrow\"><\/div><!-- Start of Story Content --><div class=\"twae-content\"><!-- Story Description --><div class=\"twae-description\"><p>Dar\u00fcber hinaus fungieren wir bereits f\u00fcr unser exklusives Klientel als pers\u00f6nlicher Scout. Mittels unserer hervorragenden Kontakte in den lokalen Immobilienmarkt, suchen wie gerne gem\u00e4\u00df Ihrer konkreten Vorgaben die f\u00fcr Sie passende Immobilie auf Mallorca. Ein gro\u00dfer Vorteil bei unserer Beauftragung als Scout ist vor allem, dass Sie uns als alleinigen Ansprechpartner haben und nicht mit zahlreichen Maklern kommunizieren m\u00fcssen. Wir kanalisieren den gesamten Immobilienmarkt und bieten Ihnen ein privates und auf Sie zugeschnittenes Scouting.<\/p><\/div><\/div><\/div><\/div>\n    <div class=\"twae-end\"><\/div>\n    <\/div><style type=\"text\/css\">.elementor-300 .elementor-element.elementor-element-eedbe3f .twae-wrapper.twae-vertical .twae-story{margin-bottom:60px!important}.elementor-300 .elementor-element.elementor-element-eedbe3f .twae-wrapper{--tw-cbx-title-color:#54595F;}.elementor-300 .elementor-element.elementor-element-eedbe3f .twae-wrapper{--tw-lbl-small-color:#FFFFFF;}.elementor-300 .elementor-element.elementor-element-eedbe3f .twae-wrapper{--tw-cbx-des-color:#8A8A8A;}.elementor-300 .elementor-element.elementor-element-eedbe3f .twae-wrapper{--tw-ibx-bg:#CBA840;}.elementor-300 .elementor-element.elementor-element-eedbe3f .twae-wrapper{--tw-cbx-bg:#FFFFFF}.elementor-300 .elementor-element.elementor-element-eedbe3f .twae-wrapper{--tw-line-bg:#CBA840}.elementor-300 .elementor-element.elementor-element-eedbe3f .twae-wrapper{ \n\t\t\t--tw-cbx-bd-top-width: 0px;\n\t\t\t--tw-cbx-bd-right-width: 0px;\n\t\t\t--tw-cbx-bd-bottom-width: 0px;\n\t\t\t--tw-cbx-bd-left-width:0px;\n\t\t\t}.elementor-300 .elementor-element.elementor-element-eedbe3f .twae-title{font-family:Montserrat;font-size:24px;}.elementor-300 .elementor-element.elementor-element-eedbe3f .twae-label-big{font-family:Montserrat;font-size:20px;}.elementor-300 .elementor-element.elementor-element-eedbe3f .twae-wrapper{--tw-lbl-big-size:20px}.elementor-300 .elementor-element.elementor-element-eedbe3f .twae-description{font-family:Montserrat;font-size:16px;font-weight:400;}@media (max-width: 1024px){ .twae-wrapper{--tw-ybx-size: 80px !important;}}@media (max-width: 767px){ .twae-wrapper{--tw-ybx-size: 80px !important}}<\/style>\t\t\t\t<\/div>\n\t\t\t\t<\/div>\n\t\t\t\t\t<\/div>\n\t\t<\/div>\n\t\t\t\t\t<\/div>\n\t\t<\/section>\n\t\t\t\t\t<\/div>\n\t\t<\/div>\n\t\t\t\t\t<\/div>\n\t\t<\/section>\n\t\t\t\t<\/div>\n\t\t","protected":false},"excerpt":{"rendered":"<p>\u00dcber uns Finest Capital &#8211; eine auf Immobilieninvestitionen spezialisierte Company. Lernen Sie uns kennen Unsere Geschichte &#8230; &#8230; ist schnell erz\u00e4hlt.\u200b Als Prinz Maximilian zu Sayn-Wittgenstein-Berleburg und Marc Heemskerk sich kennenlernen, steht schnell fest: Wir legen unsere Kompetenzen zusammen und gr\u00fcnden ein Unternehmen. Maximilian zu Sayn-Wittgenstein ist zu diesem Zeitpunkt Investmentbanker mit erstklassiger, langj\u00e4hriger Expertise &hellip;<\/p>\n<p class=\"read-more\"> <a class=\"\" href=\"https:\/\/www.njoy-referenzen.de\/finest-capital\/ueber-uns\/\"> <span class=\"screen-reader-text\">\u00dcber uns<\/span> Weiterlesen &raquo;<\/a><\/p>\n","protected":false},"author":1,"featured_media":0,"parent":0,"menu_order":0,"comment_status":"closed","ping_status":"closed","template":"","meta":{"site-sidebar-layout":"no-sidebar","site-content-layout":"page-builder","ast-main-header-display":"","ast-hfb-above-header-display":"","ast-hfb-below-header-display":"","ast-hfb-mobile-header-display":"","site-post-title":"disabled","ast-breadcrumbs-content":"","ast-featured-img":"disabled","footer-sml-layout":"","theme-transparent-header-meta":"default","adv-header-id-meta":"","stick-header-meta":"","header-above-stick-meta":"","header-main-stick-meta":"","header-below-stick-meta":"","footnotes":""},"class_list":["post-300","page","type-page","status-publish","hentry"],"yoast_head":"<!-- This site is optimized with the Yoast SEO plugin v27.4 - https:\/\/yoast.com\/product\/yoast-seo-wordpress\/ -->\n<title>\u00dcber uns | Finest Capital<\/title>\n<meta name=\"robots\" content=\"noindex, follow, max-snippet:-1, max-image-preview:large, max-video-preview:-1\" \/>\n<meta property=\"og:locale\" content=\"de_DE\" \/>\n<meta property=\"og:type\" content=\"article\" \/>\n<meta property=\"og:title\" content=\"\u00dcber uns | Finest Capital\" \/>\n<meta property=\"og:description\" content=\"\u00dcber uns Finest Capital &#8211; eine auf Immobilieninvestitionen spezialisierte Company. Lernen Sie uns kennen Unsere Geschichte &#8230; &#8230; ist schnell erz\u00e4hlt.\u200b Als Prinz Maximilian zu Sayn-Wittgenstein-Berleburg und Marc Heemskerk sich kennenlernen, steht schnell fest: Wir legen unsere Kompetenzen zusammen und gr\u00fcnden ein Unternehmen. Maximilian zu Sayn-Wittgenstein ist zu diesem Zeitpunkt Investmentbanker mit erstklassiger, langj\u00e4hriger Expertise &hellip; \u00dcber uns Weiterlesen &raquo;\" \/>\n<meta property=\"og:url\" content=\"https:\/\/www.njoy-referenzen.de\/finest-capital\/ueber-uns\/\" \/>\n<meta property=\"og:site_name\" content=\"Finest Capital - Real Estate\" \/>\n<meta property=\"article:modified_time\" content=\"2022-04-08T11:20:33+00:00\" \/>\n<meta name=\"twitter:card\" content=\"summary_large_image\" \/>\n<meta name=\"twitter:label1\" content=\"Gesch\u00e4tzte Lesezeit\" \/>\n\t<meta name=\"twitter:data1\" content=\"4\u00a0Minuten\" \/>\n<script type=\"application\/ld+json\" class=\"yoast-schema-graph\">{\"@context\":\"https:\\\/\\\/schema.org\",\"@graph\":[{\"@type\":\"WebPage\",\"@id\":\"https:\\\/\\\/www.njoy-referenzen.de\\\/finest-capital\\\/ueber-uns\\\/\",\"url\":\"https:\\\/\\\/www.njoy-referenzen.de\\\/finest-capital\\\/ueber-uns\\\/\",\"name\":\"\u00dcber uns | Finest Capital\",\"isPartOf\":{\"@id\":\"https:\\\/\\\/www.njoy-referenzen.de\\\/finest-capital\\\/#website\"},\"datePublished\":\"2022-03-21T09:23:16+00:00\",\"dateModified\":\"2022-04-08T11:20:33+00:00\",\"breadcrumb\":{\"@id\":\"https:\\\/\\\/www.njoy-referenzen.de\\\/finest-capital\\\/ueber-uns\\\/#breadcrumb\"},\"inLanguage\":\"de\",\"potentialAction\":[{\"@type\":\"ReadAction\",\"target\":[\"https:\\\/\\\/www.njoy-referenzen.de\\\/finest-capital\\\/ueber-uns\\\/\"]}]},{\"@type\":\"BreadcrumbList\",\"@id\":\"https:\\\/\\\/www.njoy-referenzen.de\\\/finest-capital\\\/ueber-uns\\\/#breadcrumb\",\"itemListElement\":[{\"@type\":\"ListItem\",\"position\":1,\"name\":\"Startseite\",\"item\":\"https:\\\/\\\/www.njoy-referenzen.de\\\/finest-capital\\\/\"},{\"@type\":\"ListItem\",\"position\":2,\"name\":\"\u00dcber uns\"}]},{\"@type\":\"WebSite\",\"@id\":\"https:\\\/\\\/www.njoy-referenzen.de\\\/finest-capital\\\/#website\",\"url\":\"https:\\\/\\\/www.njoy-referenzen.de\\\/finest-capital\\\/\",\"name\":\"Finest Capital - Real Estate\",\"description\":\"Eine weitere WordPress-Website\",\"publisher\":{\"@id\":\"https:\\\/\\\/www.njoy-referenzen.de\\\/finest-capital\\\/#organization\"},\"potentialAction\":[{\"@type\":\"SearchAction\",\"target\":{\"@type\":\"EntryPoint\",\"urlTemplate\":\"https:\\\/\\\/www.njoy-referenzen.de\\\/finest-capital\\\/?s={search_term_string}\"},\"query-input\":{\"@type\":\"PropertyValueSpecification\",\"valueRequired\":true,\"valueName\":\"search_term_string\"}}],\"inLanguage\":\"de\"},{\"@type\":\"Organization\",\"@id\":\"https:\\\/\\\/www.njoy-referenzen.de\\\/finest-capital\\\/#organization\",\"name\":\"Finest Capital - Real Estate\",\"url\":\"https:\\\/\\\/www.njoy-referenzen.de\\\/finest-capital\\\/\",\"logo\":{\"@type\":\"ImageObject\",\"inLanguage\":\"de\",\"@id\":\"https:\\\/\\\/www.njoy-referenzen.de\\\/finest-capital\\\/#\\\/schema\\\/logo\\\/image\\\/\",\"url\":\"https:\\\/\\\/www.njoy-referenzen.de\\\/finest-capital\\\/wp-content\\\/uploads\\\/2022\\\/03\\\/Finest-Capital-Logo.png\",\"contentUrl\":\"https:\\\/\\\/www.njoy-referenzen.de\\\/finest-capital\\\/wp-content\\\/uploads\\\/2022\\\/03\\\/Finest-Capital-Logo.png\",\"width\":217,\"height\":100,\"caption\":\"Finest Capital - Real Estate\"},\"image\":{\"@id\":\"https:\\\/\\\/www.njoy-referenzen.de\\\/finest-capital\\\/#\\\/schema\\\/logo\\\/image\\\/\"}}]}<\/script>\n<!-- \/ Yoast SEO plugin. -->","yoast_head_json":{"title":"\u00dcber uns | Finest Capital","robots":{"index":"noindex","follow":"follow","max-snippet":"max-snippet:-1","max-image-preview":"max-image-preview:large","max-video-preview":"max-video-preview:-1"},"og_locale":"de_DE","og_type":"article","og_title":"\u00dcber uns | Finest Capital","og_description":"\u00dcber uns Finest Capital &#8211; eine auf Immobilieninvestitionen spezialisierte Company. Lernen Sie uns kennen Unsere Geschichte &#8230; &#8230; ist schnell erz\u00e4hlt.\u200b Als Prinz Maximilian zu Sayn-Wittgenstein-Berleburg und Marc Heemskerk sich kennenlernen, steht schnell fest: Wir legen unsere Kompetenzen zusammen und gr\u00fcnden ein Unternehmen. Maximilian zu Sayn-Wittgenstein ist zu diesem Zeitpunkt Investmentbanker mit erstklassiger, langj\u00e4hriger Expertise &hellip; \u00dcber uns Weiterlesen &raquo;","og_url":"https:\/\/www.njoy-referenzen.de\/finest-capital\/ueber-uns\/","og_site_name":"Finest Capital - Real Estate","article_modified_time":"2022-04-08T11:20:33+00:00","twitter_card":"summary_large_image","twitter_misc":{"Gesch\u00e4tzte Lesezeit":"4\u00a0Minuten"},"schema":{"@context":"https:\/\/schema.org","@graph":[{"@type":"WebPage","@id":"https:\/\/www.njoy-referenzen.de\/finest-capital\/ueber-uns\/","url":"https:\/\/www.njoy-referenzen.de\/finest-capital\/ueber-uns\/","name":"\u00dcber uns | Finest Capital","isPartOf":{"@id":"https:\/\/www.njoy-referenzen.de\/finest-capital\/#website"},"datePublished":"2022-03-21T09:23:16+00:00","dateModified":"2022-04-08T11:20:33+00:00","breadcrumb":{"@id":"https:\/\/www.njoy-referenzen.de\/finest-capital\/ueber-uns\/#breadcrumb"},"inLanguage":"de","potentialAction":[{"@type":"ReadAction","target":["https:\/\/www.njoy-referenzen.de\/finest-capital\/ueber-uns\/"]}]},{"@type":"BreadcrumbList","@id":"https:\/\/www.njoy-referenzen.de\/finest-capital\/ueber-uns\/#breadcrumb","itemListElement":[{"@type":"ListItem","position":1,"name":"Startseite","item":"https:\/\/www.njoy-referenzen.de\/finest-capital\/"},{"@type":"ListItem","position":2,"name":"\u00dcber uns"}]},{"@type":"WebSite","@id":"https:\/\/www.njoy-referenzen.de\/finest-capital\/#website","url":"https:\/\/www.njoy-referenzen.de\/finest-capital\/","name":"Finest Capital - Real Estate","description":"Eine weitere WordPress-Website","publisher":{"@id":"https:\/\/www.njoy-referenzen.de\/finest-capital\/#organization"},"potentialAction":[{"@type":"SearchAction","target":{"@type":"EntryPoint","urlTemplate":"https:\/\/www.njoy-referenzen.de\/finest-capital\/?s={search_term_string}"},"query-input":{"@type":"PropertyValueSpecification","valueRequired":true,"valueName":"search_term_string"}}],"inLanguage":"de"},{"@type":"Organization","@id":"https:\/\/www.njoy-referenzen.de\/finest-capital\/#organization","name":"Finest Capital - Real Estate","url":"https:\/\/www.njoy-referenzen.de\/finest-capital\/","logo":{"@type":"ImageObject","inLanguage":"de","@id":"https:\/\/www.njoy-referenzen.de\/finest-capital\/#\/schema\/logo\/image\/","url":"https:\/\/www.njoy-referenzen.de\/finest-capital\/wp-content\/uploads\/2022\/03\/Finest-Capital-Logo.png","contentUrl":"https:\/\/www.njoy-referenzen.de\/finest-capital\/wp-content\/uploads\/2022\/03\/Finest-Capital-Logo.png","width":217,"height":100,"caption":"Finest Capital - Real Estate"},"image":{"@id":"https:\/\/www.njoy-referenzen.de\/finest-capital\/#\/schema\/logo\/image\/"}}]}},"_links":{"self":[{"href":"https:\/\/www.njoy-referenzen.de\/finest-capital\/wp-json\/wp\/v2\/pages\/300","targetHints":{"allow":["GET"]}}],"collection":[{"href":"https:\/\/www.njoy-referenzen.de\/finest-capital\/wp-json\/wp\/v2\/pages"}],"about":[{"href":"https:\/\/www.njoy-referenzen.de\/finest-capital\/wp-json\/wp\/v2\/types\/page"}],"author":[{"embeddable":true,"href":"https:\/\/www.njoy-referenzen.de\/finest-capital\/wp-json\/wp\/v2\/users\/1"}],"replies":[{"embeddable":true,"href":"https:\/\/www.njoy-referenzen.de\/finest-capital\/wp-json\/wp\/v2\/comments?post=300"}],"version-history":[{"count":101,"href":"https:\/\/www.njoy-referenzen.de\/finest-capital\/wp-json\/wp\/v2\/pages\/300\/revisions"}],"predecessor-version":[{"id":1920,"href":"https:\/\/www.njoy-referenzen.de\/finest-capital\/wp-json\/wp\/v2\/pages\/300\/revisions\/1920"}],"wp:attachment":[{"href":"https:\/\/www.njoy-referenzen.de\/finest-capital\/wp-json\/wp\/v2\/media?parent=300"}],"curies":[{"name":"wp","href":"https:\/\/api.w.org\/{rel}","templated":true}]}}